
Let o = 24 + 2. What is the tens digit of o?
2
Suppose 615 - 47 = 2*p. Suppose 0 = 5*v - s - s - p, 0 = 4*v + 3*s - 241. Suppose -v + 6 = -4*h. What is the tens digit of h?
1
Suppose 0 = -b + k + 69, -59 = 4*b - 2*k - 325. What is the tens digit of b?
6
Let w(s) = -s - 8. Let r(z) = -z - 14. Let m be r(0). What is the units digit of w(m)?
6
Let u = 11 + -11. Suppose 2*c + u*c - 30 = 0. What is the units digit of c?
5
Suppose 4*j - 809 = c, -4*j + 0*j + 4*c + 824 = 0. What is the hundreds digit of j?
2
Let u(a) = -a**3 - 4*a**2 + 2*a - 2. Let p be u(-5). Suppose -2*l + 50 = 4*k, k + 2*l - l = p. What is the tens digit of k?
1
Let z = 27 + -9. What is the units digit of z?
8
Let f(m) = -4*m + 8. What is the tens digit of f(-12)?
5
Suppose 0 = -14*l + 7*l + 518. What is the tens digit of l?
7
Suppose 14 + 100 = 2*h. What is the tens digit of h?
5
Suppose -11*f = -163 - 805. What is the units digit of f?
8
Let y be ((-3)/(-3) + -1)/2. Suppose -4*t - 50 = -3*i - y*i, 0 = 2*i - 4. Let r = -8 - t. What is the units digit of r?
3
Let c(i) = -i + 31. What is the units digit of c(0)?
1
Let a = 37 + 31. What is the units digit of a?
8
Let i = -9 + 17. Suppose -20*r + 19*r = -i. What is the units digit of r?
8
Let n = -189 + 378. What is the units digit of n?
9
Let i = 133 + -44. What is the tens digit of i?
8
Suppose v = 3 - 1. Suppose -v*w - 6*b + 16 = -3*b, 5*b + 10 = 4*w. Suppose -2*q + 1 = -w. What is the units digit of q?
3
Suppose 0*a + 3*a = 57. What is the tens digit of a?
1
Let x(h) = -h**3 - 5*h**2 - 3*h. Let q be x(-4). Let c(s) = -s**2 - 5*s - 4. Let n be c(q). Suppose n = -y + 7 + 1. What is the units digit of y?
8
Suppose 4*t - 3*n + 37 = 6*t, -t = n - 19. What is the units digit of t?
0
Suppose -180 = -2*s - 2*f - f, 5*f - 90 = -s. Let z = s - 53. What is the tens digit of z?
3
Let v be (-1 + 0/3)*-2. Suppose 0 = -v*i - c + 3, 2*i - 22 = -i + 2*c. What is the units digit of i?
4
Let a = 3 - 4. Let l be (a - 7)*(3 - 4). Let s(k) = -k**2 + 10*k - 10. What is the units digit of s(l)?
6
Suppose 0 = j - 6*n + 5*n - 220, 0 = -3*j - 5*n + 700. What is the tens digit of j?
2
Suppose 2*p + 42 = y + 6*p, -5*y + 285 = 5*p. What is the tens digit of y?
6
Suppose 3*z + z - 688 = k, -4*z - k + 688 = 0. What is the tens digit of z?
7
What is the units digit of ((-24)/10)/((-20)/750)?
0
Suppose 0 = 2*z + 3*z - 5. Suppose d - z = -12. Let i = d - -23. What is the tens digit of i?
1
Suppose 4 = -h + 3*h. Suppose 0 = s - h - 8. What is the units digit of s?
0
Suppose -2*w - 3*w - 25 = 0, i = -5*w - 20. Suppose 0 = -v - 4, i*t - 11 - 2 = -3*v. What is the units digit of t?
5
Let c(z) = z - 7. Let w be (-2)/(-6) + 14/3. Let g be c(w). What is the units digit of (3/2)/((-3)/g)?
1
What is the units digit of 513/12 - (-2)/8?
3
Let p = -2 - 0. What is the units digit of (p/6)/(2/(-66))?
1
Suppose 2*j - 22 = -5*o, -1 = -5*j + 3*o - 2*o. Let l be 2*(-51)/(-6)*j. Let t = -10 + l. What is the units digit of t?
7
Let w(m) = -m**2 + m + 6. Suppose 5*v + 2*h = v + 32, 0 = -v - h + 6. Suppose -15 = -3*d, -4*z - 2*d + v = -0*d. What is the units digit of w(z)?
6
What is the units digit of 3 + -3 + 0 + 31?
1
Suppose 0 = -5*c + 10*c - 885. What is the units digit of c?
7
What is the units digit of 2 + (-4 - 0) + 23?
1
Suppose 0*c + 32 = 4*c. What is the units digit of c?
8
Let a = 54 + -30. What is the units digit of a?
4
Let r(s) = s**2 - s - 2. Let v be r(-2). Suppose 0 = v*b - 9 + 1. Suppose -2*d - 41 = -5*j + b*d, 4*d = -16. What is the units digit of j?
5
Let p(o) = 6*o**2 + 5*o - 1. Let j be 2/(-5) - 18/5. Let z be p(j). What is the units digit of z/7 - (-2)/7?
1
Let r be (1 + 3)*(-10)/8. Let m = r - -12. What is the units digit of m?
7
Let o be 4/10 - (-46)/10. Let k = -1 + o. What is the units digit of k/10 - (-99)/15?
7
Let i(d) = 2*d - 5. Let v be i(5). Suppose -3*y - 40 = -4*h, -2 = -3*h - v*y - 1. Let c = -4 + h. What is the units digit of c?
3
What is the tens digit of 3580/90 - 2/(-9)?
4
Suppose d = 5*s - 32, 3*d - 10 = -3*s - d. Let x = 0 + s. What is the units digit of x?
6
Let h = -18 + 25. Suppose -4*n - 2*v + 136 = 0, -4*n = -h*n - 3*v + 108. What is the tens digit of n?
3
Let g(k) be the first derivative of 2*k**3/3 + 2*k**2 - k - 1. Let s be g(-4). Suppose 0 = 5*y - 2*u - s, 3*y = -u - 3 + 1. What is the units digit of y?
1
Let i(m) = 7*m**2 + 17*m + 12. Let g(f) = 10*f**2 + 20 + f**2 - 2 + 26*f. Let a(n) = -5*g(n) + 8*i(n). What is the tens digit of a(-7)?
1
What is the tens digit of -4*4/(-16) + 63?
6
Let m(t) = -t**3 - t**2 + 9. What is the units digit of m(0)?
9
Suppose -4*r - 30 = -114. Let a = 35 - r. What is the tens digit of a?
1
What is the units digit of (-74)/(-2) + -1 + 8 + -4?
0
Let y = -9 - -11. Suppose -2*r + 72 = y*r. What is the tens digit of r?
1
What is the tens digit of (7*60/(-18))/(1/(-3))?
7
Let l be (1 + 13)*(-3)/(-6). Let u(q) = 0*q + q**2 - l*q + 16 - 7. What is the units digit of u(7)?
9
Suppose j + 3*f = -j + 4, -f - 2 = 0. Let z = 7 - j. What is the tens digit of (-25)/z*(-8)/10?
1
Suppose -5*a = h - 191, 5*h = h - a + 802. What is the tens digit of h?
0
Let m(v) = -3*v. Let o be m(-1). Suppose 4*u - 72 = -3*b, -5*u = -o*b + 6*b - 72. What is the units digit of b?
4
Let o = 22 + 7. What is the tens digit of o?
2
Let f be (-2)/15 + 326/(-30). Let k(j) = -21*j**3 - j**2 + 1. Let n be k(-1). Let a = f + n. What is the units digit of a?
0
Suppose -v - 178 = -5*r, 3*r - 42 = -2*v + 57. What is the units digit of r?
5
Suppose 5*p + 25 = 2*y, y - 4*p + 34 = 3*y. Let r = y + -14. What is the units digit of r?
1
Suppose 6*f = b + 3*f + 16, 0 = 2*b - 2*f + 32. Let n = b - -35. What is the tens digit of n?
1
Suppose 0 = 12*g - 7*g - 500. What is the units digit of g?
0
Let i be 1 - -5 - (-9)/(-3). Let c = 11 - i. What is the units digit of c?
8
Let a = -2 + -32. Let p = -23 - a. What is the tens digit of p?
1
Suppose 3*s + 2*f - 34 = 0, f + 23 = 3*s - 14. Let o = s + -5. Let a = o + -5. What is the units digit of a?
2
Let z = 11 + -12. What is the units digit of (-8)/(-5)*(-15)/z?
4
Let j be (-4*1 - -2) + 0. Let v be -1 + (j - (0 + -3)). Suppose -2*y + 24 = -v*y. What is the units digit of y?
2
Let c be 5/(3 - (-26)/(-9)). Suppose 0 = m - 6*m + c. What is the units digit of m?
9
Suppose 4*v - 830 = 5*y, 0*v + 2*y = 4*v - 824. What is the units digit of v?
5
Let j(h) = h**2 - 6*h + 1. Let b be -2 - -2 - 18/(-1). Let s = -11 + b. What is the units digit of j(s)?
8
Suppose -5 = -4*u - 1. Let c(r) = 3*r - 1. What is the units digit of c(u)?
2
Let z = -126 + 186. What is the units digit of z?
0
Suppose -2*v + 0*v - 50 = 0. Let f = v + 48. What is the units digit of f?
3
Suppose -13 = -5*d + 12, 2*w + 5*d - 55 = 0. Suppose -4*u = -3*x - 25, -w = -2*x + 7*x. Suppose 0 = u*y + 7 - 11. What is the units digit of y?
1
Let w(f) = -2*f - 3. Suppose 0 = 2*d + d. Let g be 0 - (-5)/(-1 + d). What is the units digit of w(g)?
7
Let w be -5 - ((-1 - 2) + 2). What is the units digit of ((-2)/w)/((-6)/(-12))?
1
Suppose 4*l - 5*i - 5 - 9 = 0, -2*l + 10 = -i. Let u(g) = -g**3 - 6*g**2 + 6*g + 1. Let x be u(-7). Let a = x + l. What is the tens digit of a?
1
What is the units digit of (-1)/(76/(-72) + 1)?
8
Let i(r) = 1 + 7*r + 10 - 8*r. Let g = 13 - 4. What is the units digit of i(g)?
2
Let t(k) = -k + 1. Let u be t(1). Let b(a) = -a**3 + a + 11. What is the units digit of b(u)?
1
Suppose 0 = -t + 10*t - 18. What is the units digit of t?
2
Let f(o) = o**3 + 6*o**2 - 8*o + 7. What is the tens digit of f(-7)?
1
Let a(b) = -b**2 - 2*b + 1. Let c be a(-3). What is the tens digit of 10 - c/(-6)*0?
1
Let v = -13 + 29. Let d = v + -13. What is the units digit of d?
3
Suppose 0 = 14*d - 13*d - 22. What is the units digit of d?
2
Suppose 0 = -r + 4*r - 51. What is the tens digit of r?
1
What is the tens digit of 0 + 2/(-7) + (-3055)/(-35)?
8
Suppose 6 = 2*p - 2. Suppose -p*k + 13 = 1. Suppose u = -3*u + 3*n + 46, 0 = -k*u - 2*n + 26. What is the units digit of u?
0
Let n(q) = -2*q + 4. Let g be n(-6). What is the units digit of (-1)/2 + 56/g?
3
Suppose 378 = 8*l - 6*l. What is the hundreds digit of l?
1
Suppose -d = -2*d. Suppose d*x = -2*x + 72. What is the units digit of x?
6
Suppose l = 3*l - 10. Suppose l*f - 5*c - 8 = -3, 0 = -4*c + 16. Suppose w = -v + 18,